 What is the units digit of v?
8
What is the tens digit of (-4)/(5 - (-969)/(-193))?
9
Suppose -24*p = -22*p - 944. What is the tens digit of (1 - 1/(-2))*p/6?
1
Let n be 18*(9/3)/9. Let b be (-6)/(2*3/n). What is the units digit of -3*-2*(-27)/b?
7
Suppose 3*q + 1871 = 7085. What is the hundreds digit of q?
7
Suppose -5*b = 5*y - 1710, -3*y - 2*b - 1696 = -8*y. Let j be (-1)/4 + y/80. What is the units digit of 1612/36 + j/18?
5
Let f be ((-2)/(-2))/((-11)/143). Let p = 36 + f. Suppose -v = -2*v + p. What is the units digit of v?
3
Let c(j) be the second derivative of 3*j - 5/2*j**2 + 0 - 1/20*j**5 - 4/3*j**3 + 2/3*j**4. What is the units digit of c(6)?
9
Let c(a) = 35*a + 498. What is the hundreds digit of c(0)?
4
Suppose 0 = -2*m - 2*j + 2, 2*m - 4*j = 13 + 1. Suppose 0 = x + m*z - 64, -2*x - 3*z + 167 = 48. What is the tens digit of x?
5
Suppose 546 = -13*y + 15587. What is the units digit of y?
7
Let p(h) be the first derivative of h**4/4 - 2*h**3/3 - h**2 + 2*h + 2. Let g be p(3). What is the units digit of 52/g + 2/(-5)?
0
Let f = 3177 + -1463. What is the thousands digit of f?
1
Suppose -3*y - 1 = -0*y + 4*z, -4*z = 16. Suppose 4*i - y*a - 193 + 11 = 0, a = -5*i + 242. Suppose -i = -5*q + 22. What is the units digit of q?
4
Let k = -1620 + 3371. What is the hundreds digit of k?
7
Let w(f) = 2*f**3 + f**2 + 5*f - 3. Let t be w(3). Let q = -66 + t. What is the units digit of q?
9
Let s(j) = 25*j + 233. What is the tens digit of s(31)?
0
Let u(f) = 533*f - 3. What is the tens digit of u(2)?
6
Suppose 25*c - 6*c - 11020 = 0. What is the tens digit of c?
8
Suppose 7*q - 11*q = -324. Suppose -5*g = 3*s - 229, -4*g + 99 + q = 4*s. What is the units digit of g?
7
Suppose 0 = 30*r - 9832 - 27038. What is the tens digit of r?
2
Let k(r) = -261*r + 79. What is the units digit of k(-5)?
4
What is the thousands digit of 12/(-9)*99/6*-154?
3
Suppose 2*a = m - 100, -6*m + 4*a = -m - 500. What is the hundreds digit of m?
1
Let x be -4*7/((-28)/6). Let u be (-2 - x)*(-56)/(-8). What is the tens digit of 1 + (-3 - (u + 2))?
5
Suppose 0*f = 10*f - 1290. Let v = f - 83. What is the tens digit of v?
4
Suppose -25*w + 17291 = 891. What is the tens digit of w?
5
Let v be 20/5 - 111/(-1). Let s = v - 63. What is the units digit of s?
2
Let d = -71 + 69. Let k(c) = -3*c**3 + 2*c + c**2 + 2*c - 5*c + 2. What is the tens digit of k(d)?
3
Let o = 580 + -519. What is the units digit of o?
1
Let r(b) be the third derivative of 21*b**6/20 + 12*b**2. What is the tens digit of r(1)?
2
Let u(n) = 117*n**2 - 3*n - 46. What is the units digit of u(-7)?
8
Let i(y) = y - 9. Let u be i(15). Suppose -u*d - 19 = -199. What is the tens digit of d?
3
Suppose -1180 = -3*s - 169. What is the units digit of s?
7
Let v(d) = -206*d + 9 - d**2 + 10 + 199*d. What is the tens digit of v(-8)?
1
Let j = 3215 - 2265. What is the tens digit of (1 - 8)*j/(-133)?
5
Suppose -3*t = -13 + 7. Suppose i - 2*v - 25 = 0, 5*i + t*v = 14 + 87. What is the units digit of i?
1
Let g(c) = c**2 + 6*c - 37. Let u be g(-10). What is the tens digit of 4 + 26/(5 - u)?
1
Suppose d + 6 = 2*o - 2*d, -4*d = 0. Suppose -2*c = -o*j - 4*c + 104, -5 = -5*c. What is the units digit of j?
4
Suppose -3*u + 654 = 3*c, 3*u - 1047 = -4*c - 388. Suppose 2*a - 149 = -3*b + u, -2*b = 8. What is the units digit of a?
7
Suppose -2*l - 2*k = -l - 349, 1029 = 3*l - 3*k. Suppose 0*q = 4*h + q - 454, 3*q - l = -3*h. What is the tens digit of h?
1
Suppose 5*g - 1544 = -4*k + 2*k, k - 772 = g. What is the hundreds digit of k?
7
Suppose -2*r - 145 + 33 = -2*p, -2*r + 301 = 5*p. What is the tens digit of p?
5
Let z(w) = -2*w - 12. Let v(k) = k - 22. Let h be v(10). What is the units digit of z(h)?
2
Let z = -12 + 12. Suppose -4*g + 4*a = -540, -4*g + z*a + 531 = 5*a. What is the units digit of g?
4
Suppose -2*y = -2*f + 522, -3*y + 1028 = 4*f + y. What is the tens digit of f?
5
Let t(u) = -u**3 - 4*u**2. Let p be t(-4). Suppose 80 = d - p*d + s, 3*s = -5*d + 400. What is the units digit of d?
0
Let l = -1336 + 1586. What is the units digit of l?
0
Let b = 18 + -21. Let p(y) = -y - 1. Let l be p(b). Suppose -58 - l = -2*q. What is the units digit of q?
0
Let h(i) = -i**2 - 24*i + 33. Let t be h(-18). Let q = t - 139. What is the units digit of q?
2
Suppose 8 - 332 = 2*t. What is the units digit of (t/(-15))/((-6)/(-45))?
1
Let p = -279 - -714. What is the hundreds digit of p?
4
Let k = -1058 - -1869. What is the units digit of k?
1
What is the hundreds digit of ((-9)/54 + 29/(-6))*-30?
1
Suppose 6*r - 240 - 378 = 0. What is the hundreds digit of 4 + (1 - 0)*r?
1
Let x(i) = 189*i**2 - 3*i - 2. What is the units digit of x(-1)?
0
Suppose -6*z = 3*z - 2313. What is the hundreds digit of z?
2
What is the tens digit of (-1580)/(-2) - (-5 - (-13 + 6))?
8
Let x(b) = -b**3 - b**2 - 2*b + 7. Let z be x(-5). Suppose 3*v + 4*l + 215 = -0*l, -2*l + 55 = -v. Let h = z + v. What is the units digit of h?
2
Suppose 0 = -4*a - n + 14, a + 4*a - 24 = 2*n. Suppose d - 3 = 0, 5*d - 5 = 2*x + 4*d. What is the units digit of (3 - x)/(a/6)?
6
Suppose 22*o - 1625 - 120695 = 0. What is the thousands digit of o?
5
Let a be 8/(-3 + -1)*(0 + 86). Let k = a - -275. What is the hundreds digit of k?
1
Let i(c) = 2*c**2 - c**3 - 4*c + c + 4 + 6*c. Let a be i(3). What is the tens digit of 1/(-4) - (-113)/a?
2
Let j(i) = -2*i**2 - 41*i. Let l be j(-20). Suppose -l*d + 286 = -18*d. What is the tens digit of d?
4
Suppose 45 = 9*r - 4*r. Let u = r + -4. Suppose -2*m + u*v + 40 = 0, 4*v + 80 = 4*m - 0*m. What is the units digit of m?
0
Suppose 757 = 12*i - 827. What is the units digit of i?
2
Let i(l) = 6*l + 3. Let o(d) = -11*d - 5. Let h(x) = 5*i(x) + 3*o(x). Let w be h(-2). Suppose -m + w*m = 80. What is the units digit of m?
6
Let f = -16 - -8. Let v(u) = u + 8. Let k be v(f). Let c(t) = -t**2 + 37. What is the units digit of c(k)?
7
Let h be 39/9 - (-6)/9. Suppose -5*d + 705 = 2*l + 3*l, -675 = -5*l + h*d. Suppose -l = -q - q. What is the units digit of q?
9
Suppose -3*n + 0*a = -2*a - 212, -4*a = 16. Suppose x = 51 + n. What is the tens digit of x?
1
Let x(o) = o**2 + o - 4. Let l be x(2). Suppose 0*f - 22 = -4*b - 3*f, 3*b - l*f - 8 = 0. What is the tens digit of (-3)/(-6) - (-46)/b?
1
Suppose 3*a - 3*d - 9 = 0, -4*a + 8*d + 12 = 3*d. Suppose 52 + 112 = a*u - g, 4*u = -4*g + 240. What is the units digit of u?
6
Let d(l) = l**3 + 3*l**2 - l - 1. Let a be d(-3). Suppose -3*r - a*r + 15 = 0. Suppose 5*j - 15 = -u, -3*j - r*u + 16 = -u. What is the units digit of j?
2
Suppose -42*f + 205 = -37*f. What is the units digit of f?
1
Let z(h) = 29*h - 32. What is the hundreds digit of z(10)?
2
Suppose 3*q = 174 - 21. Suppose -q = -u + 29. What is the tens digit of u?
8
Suppose -l = -3*j + 2319, 9*l - 12*l + 9 = 0. What is the hundreds digit of j?
7
Let v be 4/(4/15) + -3. Suppose v + 8 = 5*j. Suppose f + 2*f - 71 = -j*x, -2*x - 3*f + 43 = 0. What is the tens digit of x?
1
Let x(d) = 191*d**3 - 3*d**2 + 1. What is the units digit of x(1)?
9
Let d be -2*(4 - 33/2). Let q(n) = n**2 - 1. Let o be q(4). Let k = d - o. What is the tens digit of k?
1
Let w = 434 - 250. Let h = 296 - w. What is the units digit of h?
2
Let x = 36 + -32. Suppose 0*v + 184 = x*v. What is the units digit of v?
6
Suppose -2 = -2*u, 4*u + 1 = o - 0. Let j(h) = 2*h**2 - 3*h**2 - o + 12*h + 19. What is the units digit of j(13)?
1
Suppose -6847 + 18927 = 10*h. What is the tens digit of h?
0
Suppose -221 = 5*u - 46. Let x = 17 - u. What is the units digit of x?
2
Let z be 2*-6 - (4 + -2). Let j(y) = -y - 14. Let d be j(z). Suppose d = -4*w - 12, 0*c + 10 = -5*c - 5*w. What is the units digit of c?
1
Let p be 3 - (-1)/((-4)/12). Suppose 2*q + 2*q - 96 = p. Suppose 3*d + 5*a - 81 = 0, -d + 2*a = -q + 8. What is the units digit of d?
2
Let r be 0 + 2 - (-27 + 2). Let a = 8 - 3. Let k = r - a. What is the tens digit of k?
2
Let f = -6 - -9. What is the tens digit of (-2 + -25)*((-40)/6 + f)?
9
Let d be 0 + 4/4 + -1. Suppose d*t - 2*l + 98 = 3*t, 25 = -5*l. Suppose 6*o - t = 2*o. What is the units digit of o?
9
Suppose 4*v + 31 = y - 4, -4*v + 46 = 2*y. Let w be (2/(-3))/(6/y). What is the tens digit of (-39)/w - -1*1?
1
What is the tens digit of ((-3)/(-4 - -1))/((-3)/(-495))?
6
Suppose -r = -p + 1648 - 98, -